 is v(0)?
-7
Let r(i) = i + 73. What is r(-24)?
49
Let s(z) = 2*z**3 + 17*z**2 - 5*z + 27. Give s(-9).
-9
Let t(w) = -w**2 - w + 1. Determine t(-3).
-5
Let y(t) = 2*t + 18. What is y(-10)?
-2
Let i(y) = -5*y - 20. Determine i(-5).
5
Let u(m) = -m - 8. Determine u(4).
-12
Let j(s) = 4*s - 18. Determine j(4).
-2
Let f(c) = 5*c - 23. Give f(10).
27
Let r(i) = i**3 + 18*i**2 + 64*i - 52. Give r(-6).
-4
Let u(q) = -5*q**2 + 3*q + 2. What is u(4)?
-66
Let j(f) = -f**2 + 109*f + 687. What is j(-6)?
-3
Let t(x) = -20*x - 5. Calculate t(-4).
75
Let q(u) = 2*u**2 - 2*u - 1. Calculate q(0).
-1
Let v(w) = -5*w - 1. Give v(1).
-6
Let x(h) = 3*h - 71. What is x(25)?
4
Let v(w) = -w**3 + 7*w**2 + 8*w - 9. Determine v(6).
75
Let p(b) = 28*b - 104. Give p(3).
-20
Let f(y) = 2*y**2 - 14*y - 15. Give f(-6).
141
Let o(x) = x**2 + 9*x - 45. Determine o(-16).
67
Let x(t) = t. Calculate x(2).
2
Let k(a) = -a**2 - 9*a - 3. Calculate k(-11).
-25
Let y(t) = t**3 - 14*t**2 - 35*t + 53. Determine y(16).
5
Let y(i) = -2*i**3 - 5*i**2 + 6*i - 2. Determine y(1).
-3
Let k(t) = -t**3 - 5*t**2 + 13*t - 5. What is k(-7)?
2
Let x(s) = 3*s**3 - 20*s**2 - 7*s + 4. Determine x(7).
4
Let j(w) = -35*w - 2. Give j(1).
-37
Let z(m) = -2*m**3 + 7*m**2 - 5. What is z(3)?
4
Let k(c) = -c**2 + 5*c + 6. What is k(5)?
6
Let k(y) = -y**3 + 7*y**2 - 7*y - 1. Calculate k(6).
-7
Let d(k) = -2*k**2 + 23*k - 3. What is d(12)?
-15
Let o(r) = -r**2 + 8*r. Determine o(4).
16
Let z(c) = -3*c**2 + 25*c - 8. Determine z(9).
-26
Let y(o) = -o**3 - 26*o**2 + 62*o - 7. What is y(2)?
5
Let v(k) = -2*k**3 - 24*k**2 + 3*k + 25. Give v(-12).
-11
Let j(k) = k**3 + k**2 - 8*k - 9. Give j(5).
101
Let j(r) = 2*r**2 - 7*r - 6. What is j(5)?
9
Let k(r) = r**3 + 32*r**2 + 60*r. Calculate k(-30).
0
Let h(o) = -2*o**3 + 19*o**2 - 10*o + 8. Give h(9).
-1
Let i(z) = 2*z**2 + z - 64. Determine i(0).
-64
Let q(a) = -a**3 - 6*a**2 + 10*a - 9. Calculate q(-7).
-30
Let c(x) = x**2 + 6*x + 16. Give c(-2).
8
Let h(y) = 5*y - 17. What is h(4)?
3
Let y(z) = -z**2 + 7*z + 5. Determine y(11).
-39
Let p(w) = w**2 + 5*w + 5. Determine p(-8).
29
Let c(k) = -k**2 + 8*k - 17. Calculate c(7).
-10
Let w(a) = 2*a**2 - 18*a - 37. Calculate w(11).
7
Let u(w) = w - 7. Determine u(-5).
-12
Let b(h) = h**2 - 12*h - 38. Determine b(15).
7
Let u(g) = -16*g**2 + g. Calculate u(-1).
-17
Let i(v) = v**3 + 18*v**2 - v - 29. Calculate i(-18).
-11
Let m(g) = g**3 - 8*g**2 + 5*g + 28. Determine m(6).
-14
Let p(u) = 39*u**3 + 2*u**2 - 1. Give p(1).
40
Let v(f) = f**2 + 14*f + 37. Calculate v(-10).
-3
Let t(p) = p**2 + 9*p + 18. Give t(-4).
-2
Let j(w) = w**3 + 7*w**2 + w - 35. Determine j(-6).
-5
Let x(c) = -c**2 - 16*c - 11. What is x(-15)?
4
Let q(s) = s**2 + 24*s - 18. Determine q(-24).
-18
Let s(n) = 14*n - 17. Calculate s(6).
67
Let g(v) = 4*v**2 + 3*v - 3. Give g(-2).
7
Let i(y) = y**2 + 10*y + 4. Determine i(0).
4
Let n(t) = t**2 + 5*t - 25. Give n(-8).
-1
Let x(t) = -2*t + 37. Give x(8).
21
Let n(h) = h**2 - 17*h + 20. Give n(16).
4
Let n(v) = -9*v - 32. What is n(-13)?
85
Let q(s) = s**3 + 5*s**2 + 4*s + 4. What is q(-5)?
-16
Let s(n) = -3*n**3 - 7*n + 7. Give s(1).
-3
Let p(m) = 2*m**2 + 13*m + 5. Give p(-9).
50
Let h(k) = -k**3 - 6*k**2 + 25*k - 12. What is h(-9)?
6
Let a(i) = 2*i**2 + 5*i - 23. Determine a(-8).
65
Let h(y) = -2*y**3 - 21*y**2 + 8*y - 20. Calculate h(-11).
13
Let j(l) = -9*l + 2. Calculate j(-1).
11
Let v(x) = -x**2 - 8*x + 11. Give v(-9).
2
Let a(v) = v**2 - 5*v - 17. What is a(-2)?
-3
Let o(u) = 16*u - 11. What is o(4)?
53
Let b(w) = -2*w**2 + 4*w + 24. What is b(5)?
-6
Let k(i) = -7*i + 14. Calculate k(-14).
112
Let w(a) = a - 13. Give w(6).
-7
Let k(x) = -x**2 - 26*x - 61. What is k(-23)?
8
Let y(r) = r**3 - 5*r**2 - 34*r - 21. Calculate y(9).
-3
Let x(d) = d**3 - 10*d**2 + 21*d - 45. What is x(8)?
-5
Let w(l) = 10*l + 94. Determine w(-18).
-86
Let q(i) = 6*i**2 - 5*i - 11. What is q(-3)?
58
Let z(y) = -y**3 - 6*y**2 - 2*y + 3. Determine z(-6).
15
Let b(p) = -p**3 - 10*p**2 - 6*p + 10. Calculate b(-9).
-17
Let v(y) = -y**3 - y**2 - 3*y + 3. Calculate v(-3).
30
Let f(z) = -26*z + 6. Give f(-2).
58
Let y(p) = -2*p**2 + 8*p. Calculate y(4).
0
Let h(v) = -v**2 - 25*v - 23. What is h(-25)?
-23
Let a(m) = m**2 + 18*m + 38. What is a(-3)?
-7
Let s(i) = i**3 + 8*i**2 + 2*i + 3. Give s(-6).
63
Let o(s) = s + 14. Give o(-6).
8
Let n(p) = -p**3 - 4*p**2 + 8*p - 6. What is n(-6)?
18
Let u(c) = -13*c - 173. What is u(-13)?
-4
Let b(z) = 4*z - 5. Determine b(3).
7
Let q(m) = m + 1. What is q(-6)?
-5
Let d(v) = v**2 - 49*v + 69. What is d(47)?
-25
Let c(w) = -w**3 - 29*w**2 - 24*w + 96. Determine c(-28).
-16
Let o(j) = -2*j**2 - 33*j + 44. What is o(-18)?
-10
Let x(v) = v**3 - 2*v**2 - 20*v - 6. What is x(-4)?
-22
Let h(f) = -5*f**2 + 4*f - 3. Calculate h(2).
-15
Let g(d) = -82*d + 75. Give g(1).
-7
Let g(q) = q**3 + 4*q**2 + 3*q + 8. Determine g(-4).
-4
Let t(q) = q**3 - 6*q - 4. Calculate t(-2).
0
Let p(d) = -d**2 - d - 2. Give p(-2).
-4
Let u(g) = -g - 9. Calculate u(-16).
7
Let h(r) = r**2 + 20*r + 67. What is h(-5)?
-8
Let y(g) = 3*g**3 - 7*g**2 + 6*g - 3. What is y(4)?
101
Let f(i) = -i**2 + 18*i - 81. Determine f(13).
-16
Let m(s) = s**2 + 41*s + 98. Calculate m(-36).
-82
Let h(m) = -m**3 + 7*m**2 - 3*m - 7. Determine h(6).
11
Let d(v) = -2*v**2 - 15*v - 14. Calculate d(-6).
4
Let s(u) = 2*u**3 + 3*u**2 - u - 2. Determine s(-2).
-4
Let i(y) = y**2. Give i(4).
16
Let k(l) = -11*l**2 - 2*l - 1. What is k(-1)?
-10
Let c(v) = v**3 + 5*v**2 + 9*v + 3. What is c(-6)?
-87
Let g(a) = 3*a**3 - 10*a**2 + 10*a - 2. What is g(2)?
2
Let r(o) = -14*o**2 + 6*o + 2. Calculate r(1).
-6
Let t(n) = 7*n**2 - 3*n - 2. Determine t(-3).
70
Let f(c) = 5*c**2 - 2*c + 1. What is f(1)?
4
Let j(m) = 3*m**3 - 4*m - 2. What is j(-3)?
-71
Let b(i) = -8*i**2 + 2*i + 2. Give b(-1).
-8
Let m(i) = i**2 - 7*i - 5. What is m(7)?
-5
Let g(p) = p**2 + 11*p + 18. Calculate g(-6).
-12
Let q(y) = 4*y + 20. What is q(-9)?
-16
Let k(u) = -u**2 + 5*u + 3. What is k(8)?
-21
Let t(d) = -5*d - 104. What is t(-25)?
21
Let l(h) = -h**3 + 2*h**2 - 11. Calculate l(0).
-11
Let m(x) = 6*x - 23. Calculate m(0).
-23
Let b(q) = q**3 - 5*q**2 - 24*q + 92. Give b(3).
2
Let c(z) = -z**3 + 7*z**2 + 6*z + 9. Calculate c(8).
-7
Let h(w) = -2*w**2 + 22*w + 9. Determine h(11).
9
Let r(a) = a**3 - 13*a**2 + 13*a + 14. What is r(12)?
26
Let d(l) = l**2 + 3*l - 2. Give d(-6).
16
Let t(o) = o**3 - 23*o**2 - 40*o + 379. What is t(24)?
-5
Let q(i) = -4*i + 4. Determine q(-7).
32
Let b(p) = -p**3 - 8*p**2 - 7*p + 4. What is b(-7)?
4
Let t(j) = -20*j - 2. What is t(-1)?
18
Let b(j) = 7*j + 15. Determine b(-7).
-34
Let p(n) = n**2 - 14*n - 4. What is p(14)?
-4
Let k(s) = 8*s - 1. Determine k(-2).
-17
Let o(m) = -2*m - 17. What is o(-11)?
5
Let y(o) = -o**2 + 8*o + 3. Give y(9).
-6
Let q(w) = -6*w - 2. Determine q(-1).
4
Let v(y) = 2*y**2 - 22*y + 14. Calculate v(10).
-6
Let h(g) = g**3 - g**2 + g - 26. Determine h(0).
-26
Let b(u) = -u**2 + 9*u - 17. What is b(7)?
-3
Let z(i) = -8*i - 1. Give z(-2).
15
Let r(c) = -8*c + 2. Calculate r(-1).
10
Let c(s) = s**2 + 12*s + 11. Give c(-7).
-24
Let g(o) = -18*o + 133. Give g(8).
-11
Let n(u) = -u**2 + 6*u + 1. Determine n(8).
-15
Let v(x) = 2*x**3 - x**2 - x + 1. Determine v(2).
11
Let h(f) = -2*f**3 - 15*f**2 - 3*f - 97. Determine h(-8).
-9
Let y(h) = h**2 - 16*h + 15. What is y(10)?
-45
Let y(i) = -i**3 + 9*i**2 - 17*i + 18. Determine y(6).
24
Let x(v) = -2*v**3 - 2*v**2 - v. Give x(-2).
10
Let x(c) = c**3 + 69*c**2 + 65*c - 231. Calculate x(-68).
-27
Let q(w) = 3*w**2 + 2*w. What is q(2)?
16
Let y(s) = -s**3 + 14*s**2 - 2*s + 2. Calculate y(14).
-26
Let k(y) = 7*y**2 - 3*y + 1. Give k(3).
55
Let d(l) = -l + 18. Give d(6).
12
Let f(t) = -3*t + 36. Give f(14).
-6
Let y(o) = -42*o - 29. Determine y(4).
-197
Let j(o) = -2*o**3 - 5*o**2 - 4*o - 1. Calculate j(0).
-1
Let v(w) = w**3 + 5*w**2 + w + 1. Determine v(-3).
16
Let p(q) = -2*q + 9. What is p(7)?
-5
Let x(o) = -20*o**2 - 3*o + 2. Calculate x(-1).
-15
Let v(l) = 3*l - 35. What is v(11)?
-2
Let g(f) = 3*f**3 - 37*f**2 - 68*f - 5. Determine g(14).
23
Let g(m) = -m**3 - 5*m**2 + 11*m - 28. Calculate g(-7).
-7
Let o(n) = -n**2 - 17*n - 4. Calculate o(-11).
62
Let z(d) = 16*d - 145. Calculate z(9).
-1
Let j